{"id":323,"date":"2026-03-31T15:10:46","date_gmt":"2026-03-31T15:10:46","guid":{"rendered":"https:\/\/heicontent.fi\/?page_id=323"},"modified":"2026-04-30T19:18:50","modified_gmt":"2026-04-30T19:18:50","slug":"valokuvat-ja-lyhytvideot","status":"publish","type":"page","link":"https:\/\/heicontent.fi\/?page_id=323","title":{"rendered":"Valokuvat ja lyhytvideot"},"content":{"rendered":"\t\t<div data-elementor-type=\"wp-page\" data-elementor-id=\"323\" class=\"elementor elementor-323\">\n\t\t\t\t<div class=\"elementor-element elementor-element-0142211 e-flex e-con-boxed e-con e-parent\" data-id=\"0142211\" data-element_type=\"container\" data-e-type=\"container\">\n\t\t\t\t\t<div class=\"e-con-inner\">\n\t\t\t\t<div class=\"elementor-element elementor-element-7c5b4a8 elementor-widget elementor-widget-heading\" data-id=\"7c5b4a8\" data-element_type=\"widget\" data-e-type=\"widget\" data-widget_type=\"heading.default\">\n\t\t\t\t\t<h2 class=\"elementor-heading-title elementor-size-default\">HEI CONTENT\nVALOKUVAT JA LYHYTVIDEOT<\/h2>\t\t\t\t<\/div>\n\t\t\t\t\t<\/div>\n\t\t\t\t<\/div>\n\t\t<div class=\"elementor-element elementor-element-b91f6ed e-grid e-con-boxed e-con e-parent\" data-id=\"b91f6ed\" data-element_type=\"container\" data-e-type=\"container\">\n\t\t\t\t\t<div class=\"e-con-inner\">\n\t\t\t\t<div class=\"elementor-element elementor-element-bc30714 elementor-widget elementor-widget-text-editor\" data-id=\"bc30714\" data-element_type=\"widget\" data-e-type=\"widget\" data-widget_type=\"text-editor.default\">\n\t\t\t\t\t\t\t\t\t<p><strong>Hei Content toteuttaa yrityksellesi tyylikk\u00e4\u00e4t ja aidot kuvamateriaalit, jotka n\u00e4ytt\u00e4v\u00e4t juuri teilt\u00e4.<\/strong><\/p><p><strong>Saatte k\u00e4ytt\u00f6\u00f6si laadukasta kuvamateriaalia esimerkiksi someen, verkkosivuille ja markkinointiin.<\/strong><\/p>\t\t\t\t\t\t\t\t<\/div>\n\t\t\t\t<div class=\"elementor-element elementor-element-f953166 elementor-widget elementor-widget-image\" data-id=\"f953166\" data-element_type=\"widget\" data-e-type=\"widget\" data-widget_type=\"image.default\">\n\t\t\t\t\t\t\t\t\t\t\t\t\t\t\t<img fetchpriority=\"high\" decoding=\"async\" width=\"1024\" height=\"1024\" src=\"https:\/\/heicontent.fi\/wp-content\/uploads\/2026\/03\/auutarha-pienennetty-1024x1024.jpg\" class=\"attachment-large size-large wp-image-385\" alt=\"\" srcset=\"https:\/\/heicontent.fi\/wp-content\/uploads\/2026\/03\/auutarha-pienennetty-1024x1024.jpg 1024w, https:\/\/heicontent.fi\/wp-content\/uploads\/2026\/03\/auutarha-pienennetty-300x300.jpg 300w, https:\/\/heicontent.fi\/wp-content\/uploads\/2026\/03\/auutarha-pienennetty-150x150.jpg 150w, https:\/\/heicontent.fi\/wp-content\/uploads\/2026\/03\/auutarha-pienennetty-768x768.jpg 768w, https:\/\/heicontent.fi\/wp-content\/uploads\/2026\/03\/auutarha-pienennetty-1536x1536.jpg 1536w, https:\/\/heicontent.fi\/wp-content\/uploads\/2026\/03\/auutarha-pienennetty-2048x2048.jpg 2048w\" sizes=\"(max-width: 1024px) 100vw, 1024px\" \/>\t\t\t\t\t\t\t\t\t\t\t\t\t\t\t<\/div>\n\t\t\t\t\t<\/div>\n\t\t\t\t<\/div>\n\t\t<div class=\"elementor-element elementor-element-9b6a46a e-grid e-con-full e-con e-parent\" data-id=\"9b6a46a\" data-element_type=\"container\" data-e-type=\"container\">\n\t\t\t\t<div class=\"elementor-element elementor-element-31cfa0f elementor-widget elementor-widget-image\" data-id=\"31cfa0f\" data-element_type=\"widget\" data-e-type=\"widget\" data-widget_type=\"image.default\">\n\t\t\t\t\t\t\t\t\t\t\t\t\t\t\t<img decoding=\"async\" width=\"1706\" height=\"2560\" src=\"https:\/\/heicontent.fi\/wp-content\/uploads\/2026\/03\/IMG_3701.jpg\" class=\"attachment-full size-full wp-image-288\" alt=\"\" srcset=\"https:\/\/heicontent.fi\/wp-content\/uploads\/2026\/03\/IMG_3701.jpg 1706w, https:\/\/heicontent.fi\/wp-content\/uploads\/2026\/03\/IMG_3701-200x300.jpg 200w, https:\/\/heicontent.fi\/wp-content\/uploads\/2026\/03\/IMG_3701-682x1024.jpg 682w, https:\/\/heicontent.fi\/wp-content\/uploads\/2026\/03\/IMG_3701-768x1152.jpg 768w, https:\/\/heicontent.fi\/wp-content\/uploads\/2026\/03\/IMG_3701-1024x1536.jpg 1024w, https:\/\/heicontent.fi\/wp-content\/uploads\/2026\/03\/IMG_3701-1365x2048.jpg 1365w\" sizes=\"(max-width: 1706px) 100vw, 1706px\" \/>\t\t\t\t\t\t\t\t\t\t\t\t\t\t\t<\/div>\n\t\t\t\t<div class=\"elementor-element elementor-element-4a02c9d elementor-widget elementor-widget-image\" data-id=\"4a02c9d\" data-element_type=\"widget\" data-e-type=\"widget\" data-widget_type=\"image.default\">\n\t\t\t\t\t\t\t\t\t\t\t\t\t\t\t<img decoding=\"async\" width=\"1706\" height=\"2560\" src=\"https:\/\/heicontent.fi\/wp-content\/uploads\/2026\/04\/IMG_3952.jpg\" class=\"attachment-full size-full wp-image-763\" alt=\"\" srcset=\"https:\/\/heicontent.fi\/wp-content\/uploads\/2026\/04\/IMG_3952.jpg 1706w, https:\/\/heicontent.fi\/wp-content\/uploads\/2026\/04\/IMG_3952-200x300.jpg 200w, https:\/\/heicontent.fi\/wp-content\/uploads\/2026\/04\/IMG_3952-682x1024.jpg 682w, https:\/\/heicontent.fi\/wp-content\/uploads\/2026\/04\/IMG_3952-768x1152.jpg 768w, https:\/\/heicontent.fi\/wp-content\/uploads\/2026\/04\/IMG_3952-1024x1536.jpg 1024w, https:\/\/heicontent.fi\/wp-content\/uploads\/2026\/04\/IMG_3952-1365x2048.jpg 1365w\" sizes=\"(max-width: 1706px) 100vw, 1706px\" \/>\t\t\t\t\t\t\t\t\t\t\t\t\t\t\t<\/div>\n\t\t\t\t<div class=\"elementor-element elementor-element-ed38c9c elementor-widget elementor-widget-text-editor\" data-id=\"ed38c9c\" data-element_type=\"widget\" data-e-type=\"widget\" data-widget_type=\"text-editor.default\">\n\t\t\t\t\t\t\t\t\t<p>Kuvaus voidaan toteuttaa yrityksenne tiloissa, sopivassa milj\u00f6\u00f6ss\u00e4 tai studiolla.<\/p>\t\t\t\t\t\t\t\t<\/div>\n\t\t\t\t<div class=\"elementor-element elementor-element-6855fab elementor-widget elementor-widget-image\" data-id=\"6855fab\" data-element_type=\"widget\" data-e-type=\"widget\" data-widget_type=\"image.default\">\n\t\t\t\t\t\t\t\t\t\t\t\t\t\t\t<img loading=\"lazy\" decoding=\"async\" width=\"2560\" height=\"1706\" src=\"https:\/\/heicontent.fi\/wp-content\/uploads\/2026\/03\/IMG_4949-1.jpg\" class=\"attachment-full size-full wp-image-337\" alt=\"\" srcset=\"https:\/\/heicontent.fi\/wp-content\/uploads\/2026\/03\/IMG_4949-1.jpg 2560w, https:\/\/heicontent.fi\/wp-content\/uploads\/2026\/03\/IMG_4949-1-300x200.jpg 300w, https:\/\/heicontent.fi\/wp-content\/uploads\/2026\/03\/IMG_4949-1-1024x682.jpg 1024w, https:\/\/heicontent.fi\/wp-content\/uploads\/2026\/03\/IMG_4949-1-768x512.jpg 768w, https:\/\/heicontent.fi\/wp-content\/uploads\/2026\/03\/IMG_4949-1-1536x1024.jpg 1536w, https:\/\/heicontent.fi\/wp-content\/uploads\/2026\/03\/IMG_4949-1-2048x1365.jpg 2048w\" sizes=\"(max-width: 2560px) 100vw, 2560px\" \/>\t\t\t\t\t\t\t\t\t\t\t\t\t\t\t<\/div>\n\t\t\t\t<div class=\"elementor-element elementor-element-c23e926 elementor-widget elementor-widget-image\" data-id=\"c23e926\" data-element_type=\"widget\" data-e-type=\"widget\" data-widget_type=\"image.default\">\n\t\t\t\t\t\t\t\t\t\t\t\t\t\t\t<img loading=\"lazy\" decoding=\"async\" width=\"2560\" height=\"1706\" src=\"https:\/\/heicontent.fi\/wp-content\/uploads\/2026\/03\/IMG_4909.jpg\" class=\"attachment-full size-full wp-image-334\" alt=\"\" srcset=\"https:\/\/heicontent.fi\/wp-content\/uploads\/2026\/03\/IMG_4909.jpg 2560w, https:\/\/heicontent.fi\/wp-content\/uploads\/2026\/03\/IMG_4909-300x200.jpg 300w, https:\/\/heicontent.fi\/wp-content\/uploads\/2026\/03\/IMG_4909-1024x682.jpg 1024w, https:\/\/heicontent.fi\/wp-content\/uploads\/2026\/03\/IMG_4909-768x512.jpg 768w, https:\/\/heicontent.fi\/wp-content\/uploads\/2026\/03\/IMG_4909-1536x1024.jpg 1536w, https:\/\/heicontent.fi\/wp-content\/uploads\/2026\/03\/IMG_4909-2048x1365.jpg 2048w\" sizes=\"(max-width: 2560px) 100vw, 2560px\" \/>\t\t\t\t\t\t\t\t\t\t\t\t\t\t\t<\/div>\n\t\t\t\t<div class=\"elementor-element elementor-element-3309846 elementor-widget elementor-widget-image\" data-id=\"3309846\" data-element_type=\"widget\" data-e-type=\"widget\" data-widget_type=\"image.default\">\n\t\t\t\t\t\t\t\t\t\t\t\t\t\t\t<img loading=\"lazy\" decoding=\"async\" width=\"2560\" height=\"1706\" src=\"https:\/\/heicontent.fi\/wp-content\/uploads\/2026\/03\/IMG_5043.jpg\" class=\"attachment-full size-full wp-image-368\" alt=\"\" srcset=\"https:\/\/heicontent.fi\/wp-content\/uploads\/2026\/03\/IMG_5043.jpg 2560w, https:\/\/heicontent.fi\/wp-content\/uploads\/2026\/03\/IMG_5043-300x200.jpg 300w, https:\/\/heicontent.fi\/wp-content\/uploads\/2026\/03\/IMG_5043-1024x682.jpg 1024w, https:\/\/heicontent.fi\/wp-content\/uploads\/2026\/03\/IMG_5043-768x512.jpg 768w, https:\/\/heicontent.fi\/wp-content\/uploads\/2026\/03\/IMG_5043-1536x1024.jpg 1536w, https:\/\/heicontent.fi\/wp-content\/uploads\/2026\/03\/IMG_5043-2048x1365.jpg 2048w\" sizes=\"(max-width: 2560px) 100vw, 2560px\" \/>\t\t\t\t\t\t\t\t\t\t\t\t\t\t\t<\/div>\n\t\t\t\t<\/div>\n\t\t<div class=\"elementor-element elementor-element-69c6ef3 e-flex e-con-boxed e-con e-parent\" data-id=\"69c6ef3\" data-element_type=\"container\" data-e-type=\"container\">\n\t\t\t\t\t<div class=\"e-con-inner\">\n\t\t<div class=\"elementor-element elementor-element-2cc8543 e-con-full e-flex e-con e-child\" data-id=\"2cc8543\" data-element_type=\"container\" data-e-type=\"container\">\n\t\t<div class=\"elementor-element elementor-element-c2da03a e-con-full e-flex e-con e-child\" data-id=\"c2da03a\" data-element_type=\"container\" data-e-type=\"container\">\n\t\t\t\t<div class=\"elementor-element elementor-element-30ac22c elementor-widget elementor-widget-image\" data-id=\"30ac22c\" data-element_type=\"widget\" data-e-type=\"widget\" data-widget_type=\"image.default\">\n\t\t\t\t\t\t\t\t\t\t\t\t\t\t\t<img loading=\"lazy\" decoding=\"async\" width=\"819\" height=\"1024\" src=\"https:\/\/heicontent.fi\/wp-content\/uploads\/2026\/03\/Tehhaanko-yhessa-teille-somea-1-819x1024.png\" class=\"attachment-large size-large wp-image-141\" alt=\"\" srcset=\"https:\/\/heicontent.fi\/wp-content\/uploads\/2026\/03\/Tehhaanko-yhessa-teille-somea-1-819x1024.png 819w, https:\/\/heicontent.fi\/wp-content\/uploads\/2026\/03\/Tehhaanko-yhessa-teille-somea-1-240x300.png 240w, https:\/\/heicontent.fi\/wp-content\/uploads\/2026\/03\/Tehhaanko-yhessa-teille-somea-1-768x960.png 768w, https:\/\/heicontent.fi\/wp-content\/uploads\/2026\/03\/Tehhaanko-yhessa-teille-somea-1.png 1080w\" sizes=\"(max-width: 819px) 100vw, 819px\" \/>\t\t\t\t\t\t\t\t\t\t\t\t\t\t\t<\/div>\n\t\t\t\t<\/div>\n\t\t<div class=\"elementor-element elementor-element-6c3cf80 e-con-full e-flex e-con e-child\" data-id=\"6c3cf80\" data-element_type=\"container\" data-e-type=\"container\">\n\t\t\t\t<div class=\"elementor-element elementor-element-4902499 elementor-widget elementor-widget-heading\" data-id=\"4902499\" data-element_type=\"widget\" data-e-type=\"widget\" data-widget_type=\"heading.default\">\n\t\t\t\t\t<h2 class=\"elementor-heading-title elementor-size-default\">Ota yhteytt\u00e4<\/h2>\t\t\t\t<\/div>\n\t\t\t\t<div class=\"elementor-element elementor-element-6a2a050 elementor-align-center elementor-widget-tablet__width-inherit elementor-widget elementor-widget-button\" data-id=\"6a2a050\" data-element_type=\"widget\" data-e-type=\"widget\" data-widget_type=\"button.default\">\n\t\t\t\t\t\t\t\t\t\t<a class=\"elementor-button elementor-button-link elementor-size-sm\" href=\"tel:0404162197\">\n\t\t\t\t\t\t<span class=\"elementor-button-content-wrapper\">\n\t\t\t\t\t\t\t\t\t<span class=\"elementor-button-text\">Soita minulle<\/span>\n\t\t\t\t\t<\/span>\n\t\t\t\t\t<\/a>\n\t\t\t\t\t\t\t\t<\/div>\n\t\t\t\t<div class=\"elementor-element elementor-element-63cecd7 elementor-align-center elementor-widget-tablet__width-inherit elementor-widget elementor-widget-button\" data-id=\"63cecd7\" data-element_type=\"widget\" data-e-type=\"widget\" data-widget_type=\"button.default\">\n\t\t\t\t\t\t\t\t\t\t<a class=\"elementor-button elementor-button-link elementor-size-sm\" href=\"https:\/\/wa.me\/358404162197\" target=\"_blank\" rel=\"noopener\">\n\t\t\t\t\t\t<span class=\"elementor-button-content-wrapper\">\n\t\t\t\t\t\t\t\t\t<span class=\"elementor-button-text\">Whatsapp<\/span>\n\t\t\t\t\t<\/span>\n\t\t\t\t\t<\/a>\n\t\t\t\t\t\t\t\t<\/div>\n\t\t\t\t<div class=\"elementor-element elementor-element-8e228d4 elementor-align-center elementor-widget-tablet__width-inherit elementor-widget elementor-widget-button\" data-id=\"8e228d4\" data-element_type=\"widget\" data-e-type=\"widget\" data-settings=\"{&quot;_animation&quot;:&quot;none&quot;}\" data-widget_type=\"button.default\">\n\t\t\t\t\t\t\t\t\t\t<a class=\"elementor-button elementor-button-link elementor-size-sm\" href=\"mailto:heinisaraj@outlook.com\">\n\t\t\t\t\t\t<span class=\"elementor-button-content-wrapper\">\n\t\t\t\t\t\t\t\t\t<span class=\"elementor-button-text\">S\u00e4hk\u00f6posti<\/span>\n\t\t\t\t\t<\/span>\n\t\t\t\t\t<\/a>\n\t\t\t\t\t\t\t\t<\/div>\n\t\t\t\t<\/div>\n\t\t\t\t<\/div>\n\t\t\t\t\t<\/div>\n\t\t\t\t<\/div>\n\t\t\t\t<\/div>\n\t\t\n    <div class=\"xs_social_share_widget xs_share_url after_content \t\tmain_content  wslu-style-1 wslu-share-box-shaped wslu-fill-colored wslu-none wslu-share-horizontal wslu-theme-font-no wslu-main_content\">\n\n\t\t\n        <ul>\n\t\t\t        <\/ul>\n    <\/div> \n","protected":false},"excerpt":{"rendered":"<p>HEI CONTENT VALOKUVAT JA LYHYTVIDEOT Hei Content toteuttaa yrityksellesi tyylikk\u00e4\u00e4t ja aidot kuvamateriaalit, jotka n\u00e4ytt\u00e4v\u00e4t juuri teilt\u00e4. Saatte k\u00e4ytt\u00f6\u00f6si laadukasta kuvamateriaalia esimerkiksi someen, verkkosivuille ja markkinointiin. Kuvaus voidaan toteuttaa yrityksenne tiloissa, sopivassa milj\u00f6\u00f6ss\u00e4 tai studiolla. Ota yhteytt\u00e4 Soita minulle Whatsapp S\u00e4hk\u00f6posti<\/p>\n","protected":false},"author":1,"featured_media":0,"parent":0,"menu_order":0,"comment_status":"closed","ping_status":"closed","template":"","meta":{"postBodyCss":"","postBodyMargin":[],"postBodyPadding":[],"postBodyBackground":{"backgroundType":"classic","gradient":""},"footnotes":""},"class_list":["post-323","page","type-page","status-publish","hentry"],"_links":{"self":[{"href":"https:\/\/heicontent.fi\/index.php?rest_route=\/wp\/v2\/pages\/323","targetHints":{"allow":["GET"]}}],"collection":[{"href":"https:\/\/heicontent.fi\/index.php?rest_route=\/wp\/v2\/pages"}],"about":[{"href":"https:\/\/heicontent.fi\/index.php?rest_route=\/wp\/v2\/types\/page"}],"author":[{"embeddable":true,"href":"https:\/\/heicontent.fi\/index.php?rest_route=\/wp\/v2\/users\/1"}],"replies":[{"embeddable":true,"href":"https:\/\/heicontent.fi\/index.php?rest_route=%2Fwp%2Fv2%2Fcomments&post=323"}],"version-history":[{"count":42,"href":"https:\/\/heicontent.fi\/index.php?rest_route=\/wp\/v2\/pages\/323\/revisions"}],"predecessor-version":[{"id":771,"href":"https:\/\/heicontent.fi\/index.php?rest_route=\/wp\/v2\/pages\/323\/revisions\/771"}],"wp:attachment":[{"href":"https:\/\/heicontent.fi\/index.php?rest_route=%2Fwp%2Fv2%2Fmedia&parent=323"}],"curies":[{"name":"wp","href":"https:\/\/api.w.org\/{rel}","templated":true}]}}